be r(-106). What is the greatest common divisor of 144 and b?
16
Let v be 18/14 - (-177894)/63. Calculate the greatest common divisor of v and 50.
25
Let g = 938 + 547. Calculate the greatest common divisor of 154 and g.
11
Let g be (82 + -550)*(11/(-2) + 2). Calculate the greatest common factor of 14 and g.
14
Let a = -48509 - -83323. What is the highest common divisor of a and 169?
169
Let j(i) = -48*i - 372. Let l be j(-8). What is the highest common divisor of 201 and l?
3
Suppose -11*a + 2 = -13*a, -4*r + 436 = -4*a. Calculate the greatest common divisor of 1728 and r.
108
Let q = -2139 + 3300. What is the highest common divisor of 108 and q?
27
Suppose -5*p = 5*n - 90, 0 = 5*n + 3*p - 8*p. Calculate the greatest common divisor of n and 2772.
9
Let a(s) = 5*s**2 - 4*s - 12. Let w(z) = 17*z**2 - 10*z - 35. Let c(g) = 7*a(g) - 2*w(g). Let o be c(10). Calculate the greatest common divisor of 450 and o.
6
Let o be 2/(-5) - 142/(-5). Let r be (-4)/o*49/(-7). What is the highest common factor of 16 and r?
1
Let s(k) = k**2 + 9*k. Let j be s(-8). Let z be (-1402)/j - (-3)/(-12). Let h be (-1)/(-1)*3 - 6592/(-206). What is the highest common divisor of h and z?
35
Let t be 4/(-3)*(-3 + 6). Let u(j) = -j**2 - 5*j + 1. Let n be u(t). Calculate the greatest common divisor of 265 and n.
5
Suppose -5*s + 5*i = -25, 16*s - 17 = 12*s + 5*i. What is the greatest common factor of 4904 and s?
8
Let t be ((-4675)/(-15))/11 - 4/3. Let d be t/4 + 129/(-12) + 11. What is the greatest common divisor of 7 and d?
7
Let p = 88 - 48. Let v(d) = 791*d + 3196. Let n be v(-4). What is the highest common factor of p and n?
8
Let k(b) = -b**3 + 26*b**2 - 44*b + 149. Let q be k(24). Calculate the greatest common factor of 441 and q.
49
Let g(u) = 3*u**3 - 81*u**2 + 24*u - 635. Let t be g(27). Let m(k) = k**3 - 3*k**2 - 4. Let n be m(6). What is the greatest common factor of n and t?
13
Suppose 2*l = -l + 6. Suppose -19 = -l*u + 6*d - d, u - d - 11 = 0. Let v be 154/21 - u/9. What is the highest common factor of 15 and v?
3
Let d be 178 - 104*7/56. Calculate the highest common divisor of d and 231.
33
Suppose -6*b + 4*b - 116 = 0. Let l = -42 - b. Suppose 10*d - 2*d = l. What is the greatest common divisor of 2 and d?
2
Suppose 54*r - 56*r + 10 = 0. Let f be -40*((-15)/r + 2). Let x = f + -4. What is the highest common factor of x and 48?
12
Let z(l) = -2*l**3 - 4*l - 153. Let r be z(-8). What is the highest common factor of 86 and r?
43
Let z be (2 - 2) + -1 - -55. Suppose 143*d + 836 = 20141. What is the highest common divisor of z and d?
27
Suppose 0 = 5*m - 67 + 37. Let a be (-9)/(-54) - 1*(-41)/m. Suppose -i = -5*i + 84. What is the highest common factor of a and i?
7
Let t be (1/15)/((-59)/354)*-45. Let a(h) = -2*h**2 + 10*h - 7. Let m be a(7). Let j = 62 + m. Calculate the greatest common divisor of j and t.
9
Let j be (3 - 130/(-40))/(4/496). Calculate the greatest common divisor of 75 and j.
25
Let b = 1200 + -1197. Suppose 4*r - 298 + 38 = 0. Suppose -5*y + 0*v + 114 = v, -b*y = 4*v - r. Calculate the greatest common divisor of 92 and y.
23
Suppose 5*f = 3*p + 3363, 5*f - 11*p - 3379 = -12*p. Let x = f + -455. Calculate the highest common divisor of x and 60.
20
Let a = 4463 - 4355. Let v = -6 + 9. Calculate the greatest common factor of v and a.
3
Let o = -260 - -59. Let y = 218 + o. Calculate the greatest common divisor of 68 and y.
17
Suppose 0 = 4*o - 12, -5*i = 206*o - 202*o - 117. What is the highest common divisor of i and 1253?
7
Let n = -56 - -60. Suppose 3*q = n*k + 78 - 2, 4*q - 4*k - 100 = 0. Calculate the greatest common divisor of 30 and q.
6
Suppose -f - 537 = g - 583, -g + 2*f = -31. What is the greatest common factor of 53 and g?
1
Suppose 36*h - 533 = 31*h + 6*t, 0 = 5*t + 15. Calculate the greatest common factor of 11639 and h.
103
Suppose 0 = -3*h + 60 + 3. Suppose 3*m = 6*m. Let n = 21 + m. What is the greatest common divisor of h and n?
21
Let p be (-2 + 276/18)*(-72)/(-5). Calculate the greatest common factor of p and 72.
24
Let u be ((-12)/(-10))/(57/3325). Calculate the highest common divisor of u and 448.
14
Let y(w) = 4*w**3 + 20*w**2 - 80*w - 39. Let a be y(11). Calculate the greatest common factor of 75 and a.
75
Let w = -4598 + 4616. What is the greatest common factor of w and 1503?
9
Let c = -8 - 5. Let r = c - -16. Suppose -2*b - 3*b - 130 = -r*j, j = b + 40. Calculate the greatest common divisor of j and 7.
7
Let v be 102/(40/30 + (1 - 3)). Let g = -139 - v. Calculate the greatest common divisor of g and 21.
7
Suppose 9*l + 12 = 7*l. Let y(j) = -2*j - 3. Let d be y(l). Suppose d*w = 13*w - 12. Calculate the highest common factor of w and 3.
3
Suppose 3*t + 9 = 2*c, -3*c = 3*t + 3 - 9. Suppose -32*s + 35*s = 0. Let v be 27 - s - (-12)/16*-4. What is the greatest common factor of v and c?
3
Suppose 3*n = 6*n - 4*s - 10, 0 = -5*s - 5. Suppose 105 = 5*j + n*j. Calculate the highest common factor of 195 and j.
15
Suppose -86*j + 2116 = -63*j. What is the highest common factor of 5750 and j?
46
Suppose -3*o = -3*n + 2211, -49*n - 745 = -50*n + 5*o. What is the highest common divisor of 385 and n?
35
Suppose -3312 = -17*h + 1312. What is the greatest common factor of 1292 and h?
68
Let x(v) = 162*v + 177. Let j be x(29). What is the highest common divisor of j and 25?
25
Suppose -w = 5*s - 25916, -36 = 5*w - 16. What is the highest common factor of s and 64?
64
Suppose 0 = c + 5 - 55. Let d(b) = -b**2 - 72*b - 651. Let w be d(-61). What is the highest common factor of c and w?
10
Let a be (-30)/165 + (-12588)/(-198)*9. What is the highest common factor of a and 1001?
143
Let i(z) = 350*z**3 - 6*z + 6. Let x be i(1). Suppose 2*p - 622 - x = 0. What is the greatest common factor of 12 and p?
6
Let j = 231 + -225. Let o(l) = 29*l + 22. Let p be o(0). What is the greatest common factor of p and j?
2
Let b(u) = -45*u + 1095. Let i be b(24). Let l be (-1)/2 + (-3)/(-6). Suppose -o = -2*m + m + 20, 4*o + 20 = l. What is the greatest common divisor of m and i?
15
Let g(l) = -l**3 - l**2 + 3*l + 11. Suppose 4*n - 9*n - 4*a = -5, 3*n + 4*a = 11. Let c be g(n). Calculate the highest common factor of 80 and c.
20
Let l be (-11473)/(-6) - (77/(-132) - 6/(-8)). What is the greatest common factor of 239 and l?
239
Let v(z) = 1545*z - 7210. Let o be v(5). Calculate the highest common factor of 45 and o.
5
Suppose -2*n - 104 = -6*n. Let j(p) = -2*p - 34. Let q be j(n). Let v = q + 295. Calculate the highest common factor of v and 19.
19
Let b be 30/(-4)*1200/(-36). Suppose 3*f - 218 - b = 0. Suppose 192 = 5*w + 4*x, 4*x - f = -2*w - 2*w. Calculate the highest common factor of w and 252.
36
Let a = -134 + 177. Suppose 0 = a*h - 47*h + 4. Calculate the highest common divisor of 4 and h.
1
Let b = -42 - -47. Suppose -5*n + 165 = -b*i, -3*i - 69 = -i - 3*n. Let p be (-920)/i - (-4)/(-6). What is the greatest common factor of 75 and p?
15
Suppose 0 = o + 5*h - 2*h + 23, 0 = 5*o - 4*h + 191. Let i = o - -48. What is the greatest common divisor of i and 208?
13
Let g(x) = x**2 + 6*x - 11. Let r be g(3). Let k(f) = -4 - r*f + 3 + 5 + 78*f. Let d be k(2). What is the greatest common factor of d and 16?
16
Suppose 0 = 8*y - 33*y + 950. Calculate the highest common divisor of 1045 and y.
19
Let n be 2*834/(-8)*((-20)/(-5))/(-2). Calculate the greatest common divisor of n and 3.
3
Suppose 5*p - 193 = 127. Calculate the greatest common divisor of p and 16384.
64
Let v be 1/(-6) - ((-4173)/36 + 18/24). What is the greatest common divisor of 100 and v?
5
Let k(x) = 6*x**2 - 381*x - 1107. Let n be k(67). Calculate the greatest common divisor of n and 100.
100
Let h be 2 - (-2 + 4*1). Suppose 54 = -h*o + 2*o. Let f be (8/14)/(72 + 979704/(-13608)). What is the greatest common factor of o and f?
27
Let k be (-5)/3 + 1 - 4669/(-69). Calculate the greatest common factor of 1943 and k.
67
Suppose 0 = -44*i + 56*i - 11712. Suppose 0 = -m - 2*l + i + 144, -3*l = -m + 1125. What is the greatest common factor of 66 and m?
66
Let v be 2*718/12 + (-31)/(2790/60). Suppose -3*p - 68 = 2*g, -3*g + 34 = -4*g + 5*p. Let a = 51 + g. What is the greatest common factor of a and v?
17
Let l(c) be the third derivative of c**5/20 - c**3/6 - 32*c**2. Let h(r) = -r. Let w be h(-2). Let t